{"id":560,"date":"2025-01-28T19:07:05","date_gmt":"2025-01-28T18:07:05","guid":{"rendered":"https:\/\/www.ilioksdesign.fr\/?page_id=560"},"modified":"2025-01-28T19:10:36","modified_gmt":"2025-01-28T18:10:36","slug":"mentions-legales","status":"publish","type":"page","link":"https:\/\/www.ilioksdesign.fr\/index.php\/mentions-legales\/","title":{"rendered":"Mentions l\u00e9gales"},"content":{"rendered":"\n<p><strong>Mentions l\u00e9gales<\/strong><\/p>\n\n\n\n<p><strong>\u00c9diteur du site<\/strong><br>Ce site est \u00e9dit\u00e9 par :<br><strong>Ilian BLIN<\/strong><br>Graphiste ind\u00e9pendant partageant ses r\u00e9alisations \u00e0 titre personnel.<br>Adresse : Non communiqu\u00e9e (mineur).<br>Email : <a href=\"mailto:contact@ilioksdesign.fr\">contact@ilioksdesign.fr<\/a><\/p>\n\n\n\n<p><strong>H\u00e9bergeur du site<\/strong><br>Le site est h\u00e9berg\u00e9 par :<br><strong>OVHcloud<\/strong><br>Adresse : 2 rue Kellermann, 59100 Roubaix, France<br>T\u00e9l\u00e9phone : +33 9 72 10 10 07<br>Site web : <a href=\"https:\/\/www.ovhcloud.com\/\">www.ovhcloud.com<\/a><\/p>\n\n\n\n<p><strong>Propri\u00e9t\u00e9 intellectuelle<\/strong><br>Toutes les cr\u00e9ations graphiques pr\u00e9sentes sur ce site (dessins, logos, illustrations, etc.) sont la propri\u00e9t\u00e9 exclusive d\u2019Ilian BLIN. Toute reproduction, distribution ou utilisation, m\u00eame partielle, est strictement interdite sans autorisation \u00e9crite pr\u00e9alable.<\/p>\n\n\n\n<p><strong>Gestion des donn\u00e9es personnelles<\/strong><br>Le site ne collecte pas de donn\u00e9es personnelles, sauf si l\u2019utilisateur contacte l\u2019\u00e9diteur via l\u2019adresse email mentionn\u00e9e. Dans ce cas, les informations partag\u00e9es (nom, email, contenu du message) seront utilis\u00e9es uniquement pour r\u00e9pondre aux demandes et ne seront ni revendues ni partag\u00e9es.<br>Conform\u00e9ment \u00e0 la r\u00e9glementation europ\u00e9enne (RGPD) et \u00e0 la loi fran\u00e7aise Informatique et Libert\u00e9s, vous disposez d\u2019un droit d\u2019acc\u00e8s, de rectification et de suppression des donn\u00e9es vous concernant. Pour toute demande, contactez\u202f: <a href=\"mailto:contact@ilioksdesign.fr\">contact@ilioksdesign.fr<\/a><\/p>\n\n\n\n<p><strong>Cookies<\/strong><br>Le site n\u2019utilise pas de cookies ou traceurs tiers pour collecter des informations sur les utilisateurs.<\/p>\n\n\n\n<p><strong>Clause limitative de responsabilit\u00e9<\/strong><br>L\u2019\u00e9diteur d\u00e9cline toute responsabilit\u00e9 en cas de dysfonctionnement technique du site, d&rsquo;erreurs ou d\u2019omissions dans les contenus publi\u00e9s, ou d\u2019utilisation inappropri\u00e9e des informations pr\u00e9sentes sur le site.<\/p>\n\n\n\n<p><strong>Loi applicable et juridiction comp\u00e9tente<\/strong><br>Ce site est soumis \u00e0 la l\u00e9gislation fran\u00e7aise. En cas de litige, les tribunaux fran\u00e7ais seront comp\u00e9tents.<\/p>\n\n\n\n<div style=\"height:160px\" aria-hidden=\"true\" class=\"wp-block-spacer\"><\/div>\n\n\n\n<p><\/p>\n","protected":false},"excerpt":{"rendered":"<p>Mentions l\u00e9gales \u00c9diteur du siteCe site est \u00e9dit\u00e9 par :Ilian BLINGraphiste ind\u00e9pendant partageant ses r\u00e9alisations \u00e0 titre personnel.Adresse : Non communiqu\u00e9e (mineur).Email : contact@ilioksdesign.fr H\u00e9bergeur du siteLe site est h\u00e9berg\u00e9 par :OVHcloudAdresse : 2 rue Kellermann, 59100 Roubaix, FranceT\u00e9l\u00e9phone : +33 9 72 10 10 07Site web : www.ovhcloud.com Propri\u00e9t\u00e9 intellectuelleToutes les cr\u00e9ations graphiques pr\u00e9sentes [&hellip;]<\/p>\n","protected":false},"author":2,"featured_media":0,"parent":0,"menu_order":0,"comment_status":"closed","ping_status":"closed","template":"","meta":{"footnotes":""},"class_list":["post-560","page","type-page","status-publish","hentry"],"_links":{"self":[{"href":"https:\/\/www.ilioksdesign.fr\/index.php\/wp-json\/wp\/v2\/pages\/560","targetHints":{"allow":["GET"]}}],"collection":[{"href":"https:\/\/www.ilioksdesign.fr\/index.php\/wp-json\/wp\/v2\/pages"}],"about":[{"href":"https:\/\/www.ilioksdesign.fr\/index.php\/wp-json\/wp\/v2\/types\/page"}],"author":[{"embeddable":true,"href":"https:\/\/www.ilioksdesign.fr\/index.php\/wp-json\/wp\/v2\/users\/2"}],"replies":[{"embeddable":true,"href":"https:\/\/www.ilioksdesign.fr\/index.php\/wp-json\/wp\/v2\/comments?post=560"}],"version-history":[{"count":5,"href":"https:\/\/www.ilioksdesign.fr\/index.php\/wp-json\/wp\/v2\/pages\/560\/revisions"}],"predecessor-version":[{"id":567,"href":"https:\/\/www.ilioksdesign.fr\/index.php\/wp-json\/wp\/v2\/pages\/560\/revisions\/567"}],"wp:attachment":[{"href":"https:\/\/www.ilioksdesign.fr\/index.php\/wp-json\/wp\/v2\/media?parent=560"}],"curies":[{"name":"wp","href":"https:\/\/api.w.org\/{rel}","templated":true}]}}