{"id":497,"date":"2024-12-31T16:28:17","date_gmt":"2024-12-31T15:28:17","guid":{"rendered":"https:\/\/www.ilioksdesign.fr\/?page_id=497"},"modified":"2025-01-24T19:22:52","modified_gmt":"2025-01-24T18:22:52","slug":"497-2","status":"publish","type":"page","link":"https:\/\/www.ilioksdesign.fr\/index.php\/497-2\/","title":{"rendered":"Services"},"content":{"rendered":"\n<div class=\"wp-block-group alignfull has-global-padding is-layout-constrained wp-block-group-is-layout-constrained\">\n<div class=\"wp-block-cover alignfull is-light has-medium-font-size\" style=\"margin-top:0;margin-bottom:0;padding-top:0;padding-right:0;padding-bottom:0;padding-left:0;min-height:365px;aspect-ratio:unset;\"><span aria-hidden=\"true\" class=\"wp-block-cover__background has-background-dim\" style=\"background-color:#ca7e2f\"><\/span><img decoding=\"async\" class=\"wp-block-cover__image-background wp-image-263\" alt=\"\" src=\"http:\/\/www.ilioksdesign.fr\/wp-content\/uploads\/2024\/11\/insta-couverture-site-2.jpg?w=1024\" data-object-fit=\"cover\"\/><div class=\"wp-block-cover__inner-container is-layout-flow wp-container-core-cover-is-layout-d51e0a58 wp-block-cover-is-layout-flow\">\n<div class=\"wp-block-columns is-layout-flex wp-container-core-columns-is-layout-28f84493 wp-block-columns-is-layout-flex\">\n<div class=\"wp-block-column is-layout-flow wp-block-column-is-layout-flow\" style=\"flex-basis:100%\">\n<div class=\"wp-block-group alignfull has-base-2-color has-text-color has-link-color wp-elements-c50e9d4c87cac7ec3bee1de50cc5a6dc is-nowrap is-layout-flex wp-container-core-group-is-layout-c3906792 wp-block-group-is-layout-flex\" style=\"margin-top:0;margin-bottom:0;padding-top:calc( 0.5 * var(--wp--style--root--padding-right, var(--wp--custom--gap--horizontal)));padding-right:var(--wp--style--root--padding-right, var(--wp--custom--gap--horizontal));padding-bottom:calc( 0.5 * var(--wp--style--root--padding-right, var(--wp--custom--gap--horizontal)));padding-left:var(--wp--style--root--padding-left, var(--wp--custom--gap--horizontal))\">\n<div class=\"wp-block-group alignfull has-base-2-color has-text-color has-link-color wp-elements-5169c7755d782e793fdaae2803930d1c has-global-padding is-layout-constrained wp-container-core-group-is-layout-e220c6fd wp-block-group-is-layout-constrained\" style=\"margin-top:0;margin-bottom:0;padding-top:calc( 0.5 * var(--wp--style--root--padding-right, var(--wp--custom--gap--horizontal)));padding-right:var(--wp--style--root--padding-right, var(--wp--custom--gap--horizontal));padding-bottom:calc( 0.5 * var(--wp--style--root--padding-right, var(--wp--custom--gap--horizontal)));padding-left:var(--wp--style--root--padding-left, var(--wp--custom--gap--horizontal))\">\n<div class=\"wp-block-group alignwide is-vertical is-layout-flex wp-container-core-group-is-layout-fe9cc265 wp-block-group-is-layout-flex\">\n<div class=\"wp-block-columns alignwide is-layout-flex wp-container-core-columns-is-layout-28f84493 wp-block-columns-is-layout-flex\">\n<div class=\"wp-block-column is-vertically-aligned-center has-base-2-color has-text-color has-link-color wp-elements-4b4ccd095ee7bb675b9d1aaafb7c0961 is-layout-flow wp-container-core-column-is-layout-22223934 wp-block-column-is-layout-flow\" style=\"flex-basis:50%\">\n<h2 class=\"wp-block-heading\"><mark style=\"background-color:rgba(0, 0, 0, 0)\" class=\"has-inline-color has-base-2-color\"><strong>Mes services<\/strong><\/mark><\/h2>\n<\/div>\n\n\n\n<div class=\"wp-block-column is-style-default is-layout-flow wp-block-column-is-layout-flow\" style=\"flex-basis:50%\">\n<p><mark style=\"background-color:rgba(0, 0, 0, 0)\" class=\"has-inline-color has-base-2-color\">Voil\u00e0 \u00e0 votre disposition une gamme compl\u00e8te de services pour enrichir votre communication visuelle : cr\u00e9ation d<strong>\u2019identit\u00e9s visuelles<\/strong>&nbsp;personnalis\u00e9es ainsi que des conceptions de<strong>&nbsp;supports publicitaires<\/strong>&nbsp;efficaces.<\/mark><\/p>\n<\/div>\n<\/div>\n<\/div>\n\n\n\n<div style=\"height:0px;width:0px\" aria-hidden=\"true\" class=\"wp-block-spacer\"><\/div>\n<\/div>\n<\/div>\n<\/div>\n<\/div>\n<\/div><\/div>\n<\/div>\n\n\n\n<div style=\"height:41px\" aria-hidden=\"true\" class=\"wp-block-spacer\"><\/div>\n\n\n\n<div class=\"wp-block-media-text alignwide is-stacked-on-mobile\" style=\"grid-template-columns:49% auto\"><figure class=\"wp-block-media-text__media\"><img fetchpriority=\"high\" decoding=\"async\" width=\"1024\" height=\"1024\" src=\"http:\/\/www.ilioksdesign.fr\/wp-content\/uploads\/2024\/09\/identite-service-5-1024x1024.jpg\" alt=\"\" class=\"wp-image-131 size-full\" srcset=\"https:\/\/www.ilioksdesign.fr\/wp-content\/uploads\/2024\/09\/identite-service-5-1024x1024.jpg 1024w, https:\/\/www.ilioksdesign.fr\/wp-content\/uploads\/2024\/09\/identite-service-5-300x300.jpg 300w, https:\/\/www.ilioksdesign.fr\/wp-content\/uploads\/2024\/09\/identite-service-5-150x150.jpg 150w, https:\/\/www.ilioksdesign.fr\/wp-content\/uploads\/2024\/09\/identite-service-5-768x768.jpg 768w, https:\/\/www.ilioksdesign.fr\/wp-content\/uploads\/2024\/09\/identite-service-5-1536x1536.jpg 1536w, https:\/\/www.ilioksdesign.fr\/wp-content\/uploads\/2024\/09\/identite-service-5.jpg 2000w\" sizes=\"(max-width: 1024px) 100vw, 1024px\" \/><\/figure><div class=\"wp-block-media-text__content\">\n<h2 class=\"wp-block-heading\">Identit\u00e9 visuelle<\/h2>\n\n\n\n<p>Vous aimeriez cr\u00e9er une identit\u00e9 visuelle unique pour vous-m\u00eame ? Un logo sur mesure sp\u00e9cialement con\u00e7u pour vous ? Votre image de marque est bien plus qu\u2019un simple logo : c\u2019est la premi\u00e8re impression que vous laissez, le reflet de vos valeurs, et le moyen de vous d\u00e9marquer dans un monde en constante \u00e9volution. Que vous soyez une entreprise, un entrepreneur, ou un artiste, une identit\u00e9 visuelle forte est la cl\u00e9 pour capter l\u2019attention et rester dans les esprits.<\/p>\n\n\n\n<div class=\"wp-block-buttons is-layout-flex wp-block-buttons-is-layout-flex\">\n<div class=\"wp-block-button\"><a class=\"wp-block-button__link wp-element-button\" href=\"http:\/\/www.ilioksdesign.fr\/index.php\/contact\/\">Commencer<\/a><\/div>\n<\/div>\n<\/div><\/div>\n\n\n\n<div style=\"height:58px\" aria-hidden=\"true\" class=\"wp-block-spacer\"><\/div>\n\n\n\n<div class=\"wp-block-media-text alignwide has-media-on-the-right is-stacked-on-mobile\" style=\"grid-template-columns:auto 49%\"><div class=\"wp-block-media-text__content\">\n<h2 class=\"wp-block-heading\">M\u00e9dias publicitaires<\/h2>\n\n\n\n<p>Vous souhaitez d\u00e9velopper une identit\u00e9 visuelle percutante pour vos supports publicitaires ? Un design sur mesure qui refl\u00e8te parfaitement votre marque ? Chaque campagne est une opportunit\u00e9 de raconter une histoire, de partager votre vision et de vous connecter \u00e0 votre audience. Que ce soit pour une banni\u00e8re digitale, une affiche, ou un spot publicitaire, je cr\u00e9e des visuels qui allient cr\u00e9ativit\u00e9 et efficacit\u00e9.<\/p>\n\n\n\n<div class=\"wp-block-buttons is-layout-flex wp-block-buttons-is-layout-flex\">\n<div class=\"wp-block-button\"><a class=\"wp-block-button__link wp-element-button\" href=\"http:\/\/www.ilioksdesign.fr\/index.php\/contact\/\">Commencer<\/a><\/div>\n<\/div>\n<\/div><figure class=\"wp-block-media-text__media\"><img decoding=\"async\" width=\"1024\" height=\"1024\" src=\"http:\/\/www.ilioksdesign.fr\/wp-content\/uploads\/2024\/09\/media-publ-services-3-1024x1024.jpg\" alt=\"\" class=\"wp-image-133 size-full\" srcset=\"https:\/\/www.ilioksdesign.fr\/wp-content\/uploads\/2024\/09\/media-publ-services-3-1024x1024.jpg 1024w, https:\/\/www.ilioksdesign.fr\/wp-content\/uploads\/2024\/09\/media-publ-services-3-300x300.jpg 300w, https:\/\/www.ilioksdesign.fr\/wp-content\/uploads\/2024\/09\/media-publ-services-3-150x150.jpg 150w, https:\/\/www.ilioksdesign.fr\/wp-content\/uploads\/2024\/09\/media-publ-services-3-768x768.jpg 768w, https:\/\/www.ilioksdesign.fr\/wp-content\/uploads\/2024\/09\/media-publ-services-3-1536x1536.jpg 1536w, https:\/\/www.ilioksdesign.fr\/wp-content\/uploads\/2024\/09\/media-publ-services-3.jpg 2000w\" sizes=\"(max-width: 1024px) 100vw, 1024px\" \/><\/figure><\/div>\n\n\n\n<div style=\"height:60px\" aria-hidden=\"true\" class=\"wp-block-spacer\"><\/div>\n\n\n\n<figure class=\"wp-block-gallery has-nested-images columns-default is-cropped wp-block-gallery-1 is-layout-flex wp-block-gallery-is-layout-flex\">\n<figure class=\"wp-block-image size-large\"><img decoding=\"async\" width=\"1024\" height=\"576\" data-id=\"477\" src=\"https:\/\/www.ilioksdesign.fr\/wp-content\/uploads\/2024\/12\/page-service-kllogos-1024x576.jpg\" alt=\"\" class=\"wp-image-477\" srcset=\"https:\/\/www.ilioksdesign.fr\/wp-content\/uploads\/2024\/12\/page-service-kllogos-1024x576.jpg 1024w, https:\/\/www.ilioksdesign.fr\/wp-content\/uploads\/2024\/12\/page-service-kllogos-300x169.jpg 300w, https:\/\/www.ilioksdesign.fr\/wp-content\/uploads\/2024\/12\/page-service-kllogos-768x432.jpg 768w, https:\/\/www.ilioksdesign.fr\/wp-content\/uploads\/2024\/12\/page-service-kllogos-1536x864.jpg 1536w, https:\/\/www.ilioksdesign.fr\/wp-content\/uploads\/2024\/12\/page-service-kllogos-2048x1152.jpg 2048w\" sizes=\"(max-width: 1024px) 100vw, 1024px\" \/><\/figure>\n<\/figure>\n\n\n\n<div style=\"height:67px\" aria-hidden=\"true\" class=\"wp-block-spacer\"><\/div>\n","protected":false},"excerpt":{"rendered":"","protected":false},"author":2,"featured_media":0,"parent":0,"menu_order":0,"comment_status":"closed","ping_status":"closed","template":"","meta":{"footnotes":""},"class_list":["post-497","page","type-page","status-publish","hentry"],"_links":{"self":[{"href":"https:\/\/www.ilioksdesign.fr\/index.php\/wp-json\/wp\/v2\/pages\/497","targetHints":{"allow":["GET"]}}],"collection":[{"href":"https:\/\/www.ilioksdesign.fr\/index.php\/wp-json\/wp\/v2\/pages"}],"about":[{"href":"https:\/\/www.ilioksdesign.fr\/index.php\/wp-json\/wp\/v2\/types\/page"}],"author":[{"embeddable":true,"href":"https:\/\/www.ilioksdesign.fr\/index.php\/wp-json\/wp\/v2\/users\/2"}],"replies":[{"embeddable":true,"href":"https:\/\/www.ilioksdesign.fr\/index.php\/wp-json\/wp\/v2\/comments?post=497"}],"version-history":[{"count":13,"href":"https:\/\/www.ilioksdesign.fr\/index.php\/wp-json\/wp\/v2\/pages\/497\/revisions"}],"predecessor-version":[{"id":546,"href":"https:\/\/www.ilioksdesign.fr\/index.php\/wp-json\/wp\/v2\/pages\/497\/revisions\/546"}],"wp:attachment":[{"href":"https:\/\/www.ilioksdesign.fr\/index.php\/wp-json\/wp\/v2\/media?parent=497"}],"curies":[{"name":"wp","href":"https:\/\/api.w.org\/{rel}","templated":true}]}}